{"id":92,"date":"2020-03-03T16:47:14","date_gmt":"2020-03-03T16:47:14","guid":{"rendered":"https:\/\/kesset.com\/?page_id=92"},"modified":"2020-03-04T08:21:56","modified_gmt":"2020-03-04T08:21:56","slug":"jaseneksi","status":"publish","type":"page","link":"https:\/\/kesset.com\/?page_id=92","title":{"rendered":"J\u00e4seneksi"},"content":{"rendered":"\n<p>Jos haluat liitty\u00e4 Keski-Suomen Salibandyerotuomarit ry:n j\u00e4seneksi, niin t\u00e4yt\u00e4 oheinen lomake. Lis\u00e4tietoja j\u00e4senyydest\u00e4 antaa: <\/p>\n\n\n\n<p>Markus Sepp\u00e4nen \/ 044 3336319 \/ <a href=\"mailto:mkks.seppanen@gmail.com\">mkks.seppanen@gmail.com<\/a>) tai Pekka Meskanen \/ 0500400357 \/ <a href=\"mailto:pekka@meskanen@kesset.com\">pekka@meskanen@kesset.com<\/a>)<\/p>\n\n\n\n<p>J\u00e4senmaksun; 35.-\/kausi\u00a0<\/p>\n\n\n\n<p><\/p>\n\n\n\n\n<div class=\"wpcf7 no-js\" id=\"wpcf7-f94-o1\" lang=\"fi\" dir=\"ltr\" data-wpcf7-id=\"94\">\n<div class=\"screen-reader-response\"><p role=\"status\" aria-live=\"polite\" aria-atomic=\"true\"><\/p> <ul><\/ul><\/div>\n<form action=\"\/index.php?rest_route=%2Fwp%2Fv2%2Fpages%2F92#wpcf7-f94-o1\" method=\"post\" class=\"wpcf7-form init\" aria-label=\"Yhteydenottolomake\" novalidate=\"novalidate\" data-status=\"init\">\n<fieldset class=\"hidden-fields-container\"><input type=\"hidden\" name=\"_wpcf7\" value=\"94\" \/><input type=\"hidden\" name=\"_wpcf7_version\" value=\"6.1.6\" \/><input type=\"hidden\" name=\"_wpcf7_locale\" value=\"fi\" \/><input type=\"hidden\" name=\"_wpcf7_unit_tag\" value=\"wpcf7-f94-o1\" \/><input type=\"hidden\" name=\"_wpcf7_container_post\" value=\"0\" \/><input type=\"hidden\" name=\"_wpcf7_posted_data_hash\" value=\"\" \/>\n<\/fieldset>\n<p><label> Uuden j\u00e4senen nimi (required)<br \/>\n<span class=\"wpcf7-form-control-wrap\" data-name=\"text-250\"><input size=\"40\" maxlength=\"400\" class=\"wpcf7-form-control wpcf7-text wpcf7-validates-as-required\" aria-required=\"true\" aria-invalid=\"false\" value=\"\" type=\"text\" name=\"text-250\" \/><\/span> <\/label>\n<\/p>\n<p><label> S\u00e4hk\u00f6postiosoite: (required)<br \/>\n<span class=\"wpcf7-form-control-wrap\" data-name=\"your-email\"><input size=\"40\" maxlength=\"400\" class=\"wpcf7-form-control wpcf7-email wpcf7-validates-as-required wpcf7-text wpcf7-validates-as-email\" aria-required=\"true\" aria-invalid=\"false\" value=\"\" type=\"email\" name=\"your-email\" \/><\/span> <\/label>\n<\/p>\n<p><label> Katuosoite:<br \/>\n<span class=\"wpcf7-form-control-wrap\" data-name=\"osoite\"><input size=\"40\" maxlength=\"400\" class=\"wpcf7-form-control wpcf7-text\" aria-invalid=\"false\" value=\"\" type=\"text\" name=\"osoite\" \/><\/span> <\/label>\n<\/p>\n<p><label> Paikkakunta:<br \/>\n<span class=\"wpcf7-form-control-wrap\" data-name=\"paikkkakunta\"><input size=\"40\" maxlength=\"400\" class=\"wpcf7-form-control wpcf7-text\" aria-invalid=\"false\" value=\"\" type=\"text\" name=\"paikkkakunta\" \/><\/span> <\/label>\n<\/p>\n<p><input class=\"wpcf7-form-control wpcf7-submit has-spinner\" type=\"submit\" value=\"Send\" \/>\n<\/p><div class=\"wpcf7-response-output\" aria-hidden=\"true\"><\/div>\n<\/form>\n<\/div>\n\n\n\n\n<h2 class=\"wp-block-heading\">J\u00e4senedut<\/h2>\n\n\n\n<ul class=\"wp-block-list\"><li>Nettisivujen k\u00e4ytt\u00f6oikeus <a href=\"http:\/\/www.kesset.com\/\">www.kesset.com<\/a><\/li><li>Nimenhuuto.com, j\u00e4senien k\u00e4yt\u00f6ss\u00e4, t\u00e4\u00e4lt\u00e4 varataan harkkapelien erotuomarit<\/li><li>Kauden avajaiset, pikkujoulut ja kauden p\u00e4\u00e4tt\u00e4j\u00e4iset; ilmaiset j\u00e4senille<\/li><li>Keskitetty varustehankinta; kompensaatio<ul><li>Head set<\/li><\/ul><\/li><li>Kisamatkat; kompensaatio<\/li><li>SBETSM-kisoihin osallistuminen; kompensaatio<\/li><li>Kauden erotuomareiden palkitseminen<\/li><li>Uusien erotuomareiden vertaistuki<\/li><\/ul>\n","protected":false},"excerpt":{"rendered":"<p>Jos haluat liitty\u00e4 Keski-Suomen Salibandyerotuomarit ry:n j\u00e4seneksi, niin t\u00e4yt\u00e4 oheinen lomake. Lis\u00e4tietoja j\u00e4senyydest\u00e4 antaa: Markus Sepp\u00e4nen \/ 044 3336319 \/ mkks.seppanen@gmail.com) tai Pekka Meskanen \/ 0500400357 \/ pekka@meskanen@kesset.com) J\u00e4senmaksun; 35.-\/kausi\u00a0 J\u00e4senedut Nettisivujen k\u00e4ytt\u00f6oikeus www.kesset.com Nimenhuuto.com, j\u00e4senien k\u00e4yt\u00f6ss\u00e4, t\u00e4\u00e4lt\u00e4 varataan harkkapelien &hellip; <a href=\"https:\/\/kesset.com\/?page_id=92\">Lue loppuun <span class=\"meta-nav\">&rarr;<\/span><\/a><\/p>\n","protected":false},"author":1,"featured_media":0,"parent":0,"menu_order":0,"comment_status":"closed","ping_status":"closed","template":"","meta":{"footnotes":""},"class_list":["post-92","page","type-page","status-publish","hentry"],"yoast_head":"<!-- This site is optimized with the Yoast SEO plugin v27.6 - https:\/\/yoast.com\/product\/yoast-seo-wordpress\/ -->\n<title>J\u00e4seneksi - Keski-Suomen Salibandyerotuomarit ry<\/title>\n<meta name=\"robots\" content=\"index, follow, max-snippet:-1, max-image-preview:large, max-video-preview:-1\" \/>\n<link rel=\"canonical\" href=\"https:\/\/kesset.com\/?page_id=92\" \/>\n<meta property=\"og:locale\" content=\"fi_FI\" \/>\n<meta property=\"og:type\" content=\"article\" \/>\n<meta property=\"og:title\" content=\"J\u00e4seneksi - Keski-Suomen Salibandyerotuomarit ry\" \/>\n<meta property=\"og:description\" content=\"Jos haluat liitty\u00e4 Keski-Suomen Salibandyerotuomarit ry:n j\u00e4seneksi, niin t\u00e4yt\u00e4 oheinen lomake. Lis\u00e4tietoja j\u00e4senyydest\u00e4 antaa: Markus Sepp\u00e4nen \/ 044 3336319 \/ mkks.seppanen@gmail.com) tai Pekka Meskanen \/ 0500400357 \/ pekka@meskanen@kesset.com) J\u00e4senmaksun; 35.-\/kausi\u00a0 J\u00e4senedut Nettisivujen k\u00e4ytt\u00f6oikeus www.kesset.com Nimenhuuto.com, j\u00e4senien k\u00e4yt\u00f6ss\u00e4, t\u00e4\u00e4lt\u00e4 varataan harkkapelien &hellip; Lue loppuun &rarr;\" \/>\n<meta property=\"og:url\" content=\"https:\/\/kesset.com\/?page_id=92\" \/>\n<meta property=\"og:site_name\" content=\"Keski-Suomen Salibandyerotuomarit ry\" \/>\n<meta property=\"article:modified_time\" content=\"2020-03-04T08:21:56+00:00\" \/>\n<meta name=\"twitter:card\" content=\"summary_large_image\" \/>\n<script type=\"application\/ld+json\" class=\"yoast-schema-graph\">{\"@context\":\"https:\\\/\\\/schema.org\",\"@graph\":[{\"@type\":\"WebPage\",\"@id\":\"https:\\\/\\\/kesset.com\\\/?page_id=92\",\"url\":\"https:\\\/\\\/kesset.com\\\/?page_id=92\",\"name\":\"J\u00e4seneksi - Keski-Suomen Salibandyerotuomarit ry\",\"isPartOf\":{\"@id\":\"https:\\\/\\\/kesset.com\\\/#website\"},\"datePublished\":\"2020-03-03T16:47:14+00:00\",\"dateModified\":\"2020-03-04T08:21:56+00:00\",\"breadcrumb\":{\"@id\":\"https:\\\/\\\/kesset.com\\\/?page_id=92#breadcrumb\"},\"inLanguage\":\"fi\",\"potentialAction\":[{\"@type\":\"ReadAction\",\"target\":[\"https:\\\/\\\/kesset.com\\\/?page_id=92\"]}]},{\"@type\":\"BreadcrumbList\",\"@id\":\"https:\\\/\\\/kesset.com\\\/?page_id=92#breadcrumb\",\"itemListElement\":[{\"@type\":\"ListItem\",\"position\":1,\"name\":\"Home\",\"item\":\"https:\\\/\\\/kesset.com\\\/\"},{\"@type\":\"ListItem\",\"position\":2,\"name\":\"J\u00e4seneksi\"}]},{\"@type\":\"WebSite\",\"@id\":\"https:\\\/\\\/kesset.com\\\/#website\",\"url\":\"https:\\\/\\\/kesset.com\\\/\",\"name\":\"Keski-Suomen Salibandyerotuomarit ry\",\"description\":\"Erotuomaritoimintaa Suomessa ja ulkomailla\",\"potentialAction\":[{\"@type\":\"SearchAction\",\"target\":{\"@type\":\"EntryPoint\",\"urlTemplate\":\"https:\\\/\\\/kesset.com\\\/?s={search_term_string}\"},\"query-input\":{\"@type\":\"PropertyValueSpecification\",\"valueRequired\":true,\"valueName\":\"search_term_string\"}}],\"inLanguage\":\"fi\"}]}<\/script>\n<!-- \/ Yoast SEO plugin. -->","yoast_head_json":{"title":"J\u00e4seneksi - Keski-Suomen Salibandyerotuomarit ry","robots":{"index":"index","follow":"follow","max-snippet":"max-snippet:-1","max-image-preview":"max-image-preview:large","max-video-preview":"max-video-preview:-1"},"canonical":"https:\/\/kesset.com\/?page_id=92","og_locale":"fi_FI","og_type":"article","og_title":"J\u00e4seneksi - Keski-Suomen Salibandyerotuomarit ry","og_description":"Jos haluat liitty\u00e4 Keski-Suomen Salibandyerotuomarit ry:n j\u00e4seneksi, niin t\u00e4yt\u00e4 oheinen lomake. Lis\u00e4tietoja j\u00e4senyydest\u00e4 antaa: Markus Sepp\u00e4nen \/ 044 3336319 \/ mkks.seppanen@gmail.com) tai Pekka Meskanen \/ 0500400357 \/ pekka@meskanen@kesset.com) J\u00e4senmaksun; 35.-\/kausi\u00a0 J\u00e4senedut Nettisivujen k\u00e4ytt\u00f6oikeus www.kesset.com Nimenhuuto.com, j\u00e4senien k\u00e4yt\u00f6ss\u00e4, t\u00e4\u00e4lt\u00e4 varataan harkkapelien &hellip; Lue loppuun &rarr;","og_url":"https:\/\/kesset.com\/?page_id=92","og_site_name":"Keski-Suomen Salibandyerotuomarit ry","article_modified_time":"2020-03-04T08:21:56+00:00","twitter_card":"summary_large_image","schema":{"@context":"https:\/\/schema.org","@graph":[{"@type":"WebPage","@id":"https:\/\/kesset.com\/?page_id=92","url":"https:\/\/kesset.com\/?page_id=92","name":"J\u00e4seneksi - Keski-Suomen Salibandyerotuomarit ry","isPartOf":{"@id":"https:\/\/kesset.com\/#website"},"datePublished":"2020-03-03T16:47:14+00:00","dateModified":"2020-03-04T08:21:56+00:00","breadcrumb":{"@id":"https:\/\/kesset.com\/?page_id=92#breadcrumb"},"inLanguage":"fi","potentialAction":[{"@type":"ReadAction","target":["https:\/\/kesset.com\/?page_id=92"]}]},{"@type":"BreadcrumbList","@id":"https:\/\/kesset.com\/?page_id=92#breadcrumb","itemListElement":[{"@type":"ListItem","position":1,"name":"Home","item":"https:\/\/kesset.com\/"},{"@type":"ListItem","position":2,"name":"J\u00e4seneksi"}]},{"@type":"WebSite","@id":"https:\/\/kesset.com\/#website","url":"https:\/\/kesset.com\/","name":"Keski-Suomen Salibandyerotuomarit ry","description":"Erotuomaritoimintaa Suomessa ja ulkomailla","potentialAction":[{"@type":"SearchAction","target":{"@type":"EntryPoint","urlTemplate":"https:\/\/kesset.com\/?s={search_term_string}"},"query-input":{"@type":"PropertyValueSpecification","valueRequired":true,"valueName":"search_term_string"}}],"inLanguage":"fi"}]}},"_links":{"self":[{"href":"https:\/\/kesset.com\/index.php?rest_route=\/wp\/v2\/pages\/92","targetHints":{"allow":["GET"]}}],"collection":[{"href":"https:\/\/kesset.com\/index.php?rest_route=\/wp\/v2\/pages"}],"about":[{"href":"https:\/\/kesset.com\/index.php?rest_route=\/wp\/v2\/types\/page"}],"author":[{"embeddable":true,"href":"https:\/\/kesset.com\/index.php?rest_route=\/wp\/v2\/users\/1"}],"replies":[{"embeddable":true,"href":"https:\/\/kesset.com\/index.php?rest_route=%2Fwp%2Fv2%2Fcomments&post=92"}],"version-history":[{"count":5,"href":"https:\/\/kesset.com\/index.php?rest_route=\/wp\/v2\/pages\/92\/revisions"}],"predecessor-version":[{"id":113,"href":"https:\/\/kesset.com\/index.php?rest_route=\/wp\/v2\/pages\/92\/revisions\/113"}],"wp:attachment":[{"href":"https:\/\/kesset.com\/index.php?rest_route=%2Fwp%2Fv2%2Fmedia&parent=92"}],"curies":[{"name":"wp","href":"https:\/\/api.w.org\/{rel}","templated":true}]}}